/24 - 21*t**3 - 699*t**2 - 5. Determine u(-24).
-6
Let v be -2*3 - (-3 + 5)*-43. Let c(n) = 67*n + v*n + 9 - 146*n. What is c(-6)?
3
Let p(s) = 7*s**2 - 9*s + 3. Let l(z) = 3*z**2 + 10*z - 22. Let x be l(4). Let j = 65 - x. Let t(c) = -c**2 + c - 1. Let f(q) = j*p(q) - 6*t(q). Give f(7).
-25
Let h be (-14 - -19)*(-11)/(-5). Let m(k) = 7*k**2 + 7 + k**3 + 15*k + h*k - 16*k. Determine m(-6).
-17
Let q(b) be the first derivative of b**4/4 - 5*b**3/3 + 5*b - 1. Suppose 5*y = -4*o + 9*o - 45, 3*y + 7 = -o. Calculate q(o).
5
Let z(t) be the second derivative of -t**4/12 + 4*t**3/3 + 5*t**2/2 + t. Let l be -1 + 4 + 7/21*-21. Let b(x) = 2*x + 14. Let q be b(l). Calculate z(q).
17
Let m(a) = -15*a - 97. Suppose 17*p + 35 = -5*v + 21*p, -2*v - p - 14 = 0. Calculate m(v).
8
Suppose 32 + 36 = 4*v. Suppose 32 = 7*h - v. Let y(x) = x**2 - 3*x + 5. What is y(h)?
33
Let u(q) = -2*q + 3. Suppose 40*a - 588 = 47*a. Let k = a + 83. Calculate u(k).
5
Let x(l) = -58. Let v(j) = -10*j + 65. Let z(m) = -v(m) - 4*x(m). Give z(-16).
7
Let a(p) = -p - 3. Let j be a(7). Let f(b) = -43*b**2 + 9*b + 8. Let t(s) = 4*s**2 - 1. Let y(x) = f(x) + 11*t(x). What is y(j)?
7
Let n(q) = 0 + 3*q + 3 + 2. Let k(z) = z**2 + 10*z - 29. Let a be k(-12). Let v be (36/(-6))/(-6)*a. Give n(v).
-10
Let t(x) be the second derivative of x**5/5 - x**4/6 - x**3/6 - 7*x**2/2 - 3915*x + 2. Give t(3).
80
Let j(u) = 2*u + 3. Let s = 38 + -34. Let z be (-20)/(-150) - s/30. Suppose z = 2*m - 5 - 1. Calculate j(m).
9
Let x(i) = -i**2 + 592*i - 615*i - 14 - 16. Determine x(-25).
-80
Let r(v) = -v**2 + 7*v - 4. Let f = -5919 + 5926. Determine r(f).
-4
Let k(o) = 2*o + 1. Let b(u) = -9*u**3 - 3*u**2 + 3*u - 2. Let n be b(2). Suppose 13*a + 380 = 5*i + 11*a, 5*i - 345 = -5*a. Let x = i + n. Calculate k(x).
-11
Let t(u) = 26*u - 5 + u**2 - 2*u**2 + 3*u**2. Give t(-13).
-5
Let z(l) be the first derivative of -2*l**2 - 26*l - 948. Determine z(-4).
-10
Let z = 4 + -12. Let q(o) be the first derivative of 7/2*o**2 - 8*o + 1/3*o**3 - 68. Determine q(z).
0
Let s(t) = -t**3 - 24*t**2 - 16*t - 362. Let f(x) = -x**3 - 25*x**2 - 15*x - 428. Let n(a) = 5*f(a) - 6*s(a). Determine n(-18).
-22
Let c(l) = 7*l - 7. Let y(r) = 6*r - 6. Let j(b) = -4*c(b) + 5*y(b). Suppose 6*g + 3*a = 18, -55*a - 24 = -g - 52*a. Give j(g).
10
Let d(c) = 2*c - 1. Let y = -69 + 82. Suppose -5*x + 11*k = y*k - 20, 0 = -k. Calculate d(x).
7
Let i(a) be the first derivative of a**4/2 + 20*a**3/3 + 3*a**2/2 + 26*a - 2786. Calculate i(-10).
-4
Let s be 2*6*(754/104 - 6). Let v(m) = -m**2 + 13*m + 31. Give v(s).
1
Let c(g) = 38*g**2 - 11858*g + 623. Let t be c(312). Let k(j) = -j**3 - 2*j - 1. Let r(z) = z + 1. Let u(f) = k(f) + 2*r(f). Determine u(t).
2
Let z(y) be the second derivative of y**4/2 + y**2/2 + 25*y. Suppose -5*c = -20, -5*u + 10*c = 12*c - 13. Determine z(u).
7
Suppose -3 + 3 = 21*h. Suppose 2*t - 3*u + 0*u - 19 = h, 2*t = 5*u + 25. Let j(q) = q + 10. Let r(x) = x + 11. Let l(i) = 4*j(i) - 3*r(i). Calculate l(t).
12
Let j(s) = -17*s + 11 - 412*s**2 + 206*s**2 + 6 + 10*s + 207*s**2. Give j(5).
7
Let m(t) = t**3 - 7*t**2 + 4*t + 14. Let h be m(6). Let y(x) = 25*x**2 + 1 - 2*x + 9*x**h - 38*x**2. Determine y(-2).
-11
Let k(l) = -l**2 + 3*l + 10. Let m be k(5). Let h(z) be the first derivative of -13*z - 21 + 3*z**2 - z**2 + m*z - 3*z**2. Give h(-9).
5
Let r be 3 + 9 + (3 - -1). Suppose -r*y - 50 = -21*y. Let j(x) = 2*x - 18. Let s be j(y). Let w(c) = c**2 - c. Give w(s).
2
Let l be 3/(-10)*10/12 - 456/608. Suppose f - 5*x - 42 = -2*f, x = -3*f + 24. Let r(m) = -f*m**3 - 1 + 0 - 12*m**3. Calculate r(l).
20
Let g(y) be the first derivative of -3*y**2/2 + 16*y + 8. What is g(5)?
1
Let f(o) = o**3 - 10*o**2 + 2*o - 12. Let s be f(10). Let a(h) be the third derivative of 3/8*h**4 + 4*h - h**2 + 0 - 1/60*h**5 - 2/3*h**3. Calculate a(s).
4
Let m(c) = 2*c - 3. Let j = -3605 - -3597. Let n(g) = 3*g**2 + 24*g + 17. Let d(b) = -2*b**2 - 16*b - 11. Let q(z) = -7*d(z) - 5*n(z). Let s be q(j). Give m(s).
-19
Let i = -38383 - -38389. Let f(q) = -6 - 2*q**2 + q**2 - 6*q**2 + q**3 + 7*q. Calculate f(i).
0
Let n(h) = 5*h**3 + 2*h**2 + 6*h - 8. Let d(w) = 14*w**3 + 6*w**2 + 17*w - 23. Let o(k) = 4*d(k) - 11*n(k). Let x be 1*((-3)/10)/(97/(-970)). Calculate o(x).
47
Let d be 2/((-24)/6*(-3)/(-54)). Let u(q) = 9*q**3 + 27*q**2 + 13*q + 5. Let w(x) = -4*x**3 - 13*x**2 - 7*x - 3. Let s(t) = -3*u(t) - 7*w(t). Determine s(d).
-3
Let r(q) = 7*q**3 - q. Let p be r(-1). Let c(b) be the third derivative of b**4/6 + 11*b**3/6 + 2*b**2 - 117. Give c(p).
-13
Suppose b + 8 = 2*h, -3*b + 6*h - 2*h - 12 = 0. Let g(u) = 10*u**2 - 9*u - 2 - u**2 + 5*u - 2*u**2 - u**3. Give g(b).
30
Let o(d) be the third derivative of -d**5/60 - 25*d**4/24 - 29*d**3/2 - 4098*d**2. Calculate o(-21).
-3
Let g(s) = -s**3 - 18*s**2 - 28*s + 79. Let j be g(-16). Let r(b) = -j*b**2 + 37*b**2 + 0 - 17*b**2 - 1. Let d be 2*1*(-1)/2. What is r(d)?
4
Suppose 5*a + 0*m = m + 22, a + 10 = 5*m. Suppose -4 = -6*y + a*y. Let j(s) = s**2 - s + 2. Determine j(y).
14
Let n = -3322 - -3350. Let g(m) = -m**2 + 31*m - 98. What is g(n)?
-14
Let q be 6/9*-2*3. Let v(h) = -2*h**2 - 25*h + 4. Let f(z) = -3*z**2 - 36*z + 6. Let r(n) = -5*f(n) + 7*v(n). Give r(q).
-6
Let c(u) be the first derivative of -u**4/2 - 5*u**3/3 - 2*u**2 + u - 42. Let x be 9/6*72/(-54). Give c(x).
5
Let h(m) = 2*m + 14. Suppose 4*f + 12 = 4*g, -5*g = -f - 35 + 32. What is h(f)?
8
Suppose 3*j + 3*p = 7*j - 220, 136 = 3*j + 5*p. Let b = j - 50. Let a(d) = 138 + b*d**2 - d + d**3 - 138. Calculate a(1).
2
Let h(j) = j**2 - 12*j - 23. Suppose -110 = -1420*y + 1409*y. What is h(y)?
-43
Let m be (-3)/(-2) + 1 + (-14)/(-28) + 3. Let l(p) = -15*p + 82. Give l(m).
-8
Let s(m) = -5*m**3 + 2*m**2 + 3*m - 4. Let w(o) = -26*o**3 - o**2 + o - 2*o + 27*o**3 + 1. Let d(b) = s(b) + 4*w(b). Determine d(2).
-18
Let u(q) = -7*q - 51. Let a = 7702 - 7708. Calculate u(a).
-9
Let i be (-3)/(-27) + 7 - 2/18. Let p(h) = -h**2 + 19*h - 85. What is p(i)?
-1
Let c(u) = 40 - 33 - 6 + 47*u**2. Let z(v) = 238*v**2 - v + 6. Let n(s) = 11*c(s) - 2*z(s). Determine n(1).
42
Let g(u) = 3*u**2 - 38*u + 102. Let l(j) = -2*j**2 + 20*j - 50. Let m(f) = -3*g(f) - 5*l(f). Give m(-17).
-5
Let u(v) = v**3 - 5*v**2 - 8*v + 9. Let d = -32 + 36. Let k be d/(-10) + (-22)/(-5). Suppose -k*g = -27 + 3. What is u(g)?
-3
Let p(j) = 110*j**2 + 268*j + 61. Let h(o) = 67*o**2 + 135*o + 30. Let v(b) = -5*h(b) + 3*p(b). Calculate v(26).
7
Suppose 955 = -664*b + 855*b. Suppose 2*k - 15 = -3*k, 3*k - 1 = 4*y. Let o(n) = 2*n**2 - 4*n + 0 - n**y + 2. Give o(b).
7
Let f(x) = -13 + x**2 + 3*x + 12 - 2*x**2. Let o = 9 + -19. Let z = o + 13. Give f(z).
-1
Let i = -45 - -50. Let v be -50 - (-2 - (i - 3)). Let k = v - -48. Let r(j) = j**3 - j**2 - 4*j + 3. Calculate r(k).
-1
Let k(s) = 109*s + s**2 - s**3 + 31*s + 2*s**3 + 20 - 140*s. Let o = -36 - -36. Determine k(o).
20
Let v(p) = -p + 2. Let a(y) = -y - 17. Suppose -w - 12 = -1. Let n be a(w). Determine v(n).
8
Let k(n) = -11*n + 123. Let h be k(-13). Let i = h + -263. Let f(y) = 2*y - 7. Determine f(i).
-1
Let c(y) = 13*y - 5. Let u(g) = -14*g + 9. Let w(a) = 5*c(a) + 4*u(a). What is w(-5)?
-34
Let h(j) = j**3 + 3*j**2 - 2*j + 6. Let t be 3*-2 + 84/14. Suppose -9*a - 29 - 16 = t. What is h(a)?
-34
Let o(n) be the first derivative of -n**3/3 + 9*n**2/2 + 9*n - 23. Suppose 31 = 3*y + 4*m, -3*y + 4*m = -28 + 5. Calculate o(y).
9
Let s(d) = 5*d - 29. Suppose 4*a = -18*n + 27*n - 48, a = n - 7. Determine s(n).
-9
Let s(m) = 163*m - 492. Let x be s(3). Let w(p) = 14*p + 8. What is w(x)?
-34
Suppose 3*f + g = -12, -2*g - 8 = 58*f - 56*f. Let c(o) = 6*o + 1. Let w(b) = -6*b - 2. Let n(r) = -6*c(r) - 5*w(r). Determine n(f).
28
Suppose -u - 261 + 139 = 0. Let k = u - -116. Let v(z) = z**3 + 6*z**2 - 2*z - 1. What is v(k)?
11
Let k(n) = 27*n**3 - 2*n**2 + 7*n + 10. Let u be k(-2). Let c = -222 - u. Let v(x) = x**2 - 6*x - 10. Determine v(c).
-10
Let z(f) be the first derivative of -f**3/3 - 3*f**2 - 2*f - 61. Let i = 19 + -26. Determine z(i).
-9
Let x(f) = -2*f + 12. Let m be (-83)/9 + (-12)/(-54). Let g be 1*m/6*(-32)/6. Calculate x(g).
-4
Let p(x) = -2*x + 7. Let o = 35 - 28. Let g(s) = -3*s + 14. Let b(i) = o*p(i) - 4*g(i). Suppose -5*r = 2*d + 44, -4*d + 